*j - k. List the prime factors of j.
2
Suppose -425*s + 420*s + 9215 = 0. List the prime factors of s.
19, 97
Let z = -273 + 1053. List the prime factors of z.
2, 3, 5, 13
Let w = 772 + 119. List the prime factors of w.
3, 11
Suppose u - 3*u = 0. Let k be u - 7 - (-1 + -1). Let m(n) = n**2 - n - 7. What are the prime factors of m(k)?
23
Suppose -5*j - 12 = -j. Let v be (45/20)/(j/(-128)). Suppose -5*z + v = z. What are the prime factors of z?
2
Let o = 15 + -10. Let l(x) = 23*x - 36. List the prime factors of l(o).
79
List the prime factors of (7 - (-5 + 11))/(2/1142).
571
Suppose 0 = 3*q + 5*b - 94, -2*q - b = 2*q - 131. Suppose 4*m = q + 19. List the prime factors of m.
13
Let p(t) = -t**3 - 2*t**2 - 6*t - 21. Let b be p(7). List the prime factors of (b/(-30))/((-1)/(-5)).
2, 3, 7
Suppose -3*f + 1128 = -0*f. Let x = -190 + f. Suppose -v - x = -5*g - 0*v, g = v + 34. What are the prime factors of g?
2, 19
Let r be (2 + -6)/(2 - 12/4). Let x(a) = a**2 - a + 68. Let d be x(0). Suppose 4*v = -2*z + 24, 4*z - v = -r*v + d. List the prime factors of z.
2, 5
List the prime factors of 32*-5*1156/(-170).
2, 17
Let s(d) be the third derivative of d**4/6 + 4*d**3/3 - 5*d**2. Let a be s(8). Suppose 3*v = -4*q + 44, v + v = -4*q + a. What are the prime factors of q?
2
Suppose -2*c + 9 = c, -56 = p - 5*c. Let r = p + 57. Suppose -4*u - 70 = -5*l, -4*l - u = -19 - r. List the prime factors of l.
2, 5
Suppose 361*z = 350*z + 3751. List the prime factors of z.
11, 31
Let d = 59 + -36. Let g be 30/8 - 1/(-4). List the prime factors of (d - g/2) + 0.
3, 7
Suppose j - 6*j = 5*d - 3860, 0 = 5*j + 2*d - 3857. List the prime factors of j.
3, 257
Let i(p) = -129*p - 11. Let u be i(-2). Suppose 3*y = -2*d + u, 4*y = 7 + 13. List the prime factors of d.
2, 29
Let c = -1998 + 2823. Suppose 5*u = 3*z + c, -2*z + 163 = u - 3*z. List the prime factors of u.
2, 3, 7
Suppose -y = -0*y. Let u(p) = -p**3 - 4*p**2 + p + 20. What are the prime factors of u(y)?
2, 5
Let k(l) = -12*l**3 - 2*l**2 - 9*l - 10. List the prime factors of k(-6).
2, 641
Let w = 29 - 13. Let r = w + -30. Let n = 31 + r. List the prime factors of n.
17
Let w = -772 + 1621. What are the prime factors of w?
3, 283
Let y = 695 + -442. What are the prime factors of y?
11, 23
Let i(n) = 6*n + 18. Let z(a) = -a. Let s(d) = i(d) + 9*z(d). Let b be s(-10). Suppose -3*t = b - 279. What are the prime factors of t?
7, 11
Suppose 144 = 11*v + 584. What are the prime factors of v/5*(-89)/4?
2, 89
Let l be ((-8)/(-4))/(-2) + 17. Let u be (l/(-6))/((-4)/138). Suppose -7*a = -3*a - u. What are the prime factors of a?
23
Suppose 0 = -15*f + 5880 + 10710. List the prime factors of f.
2, 7, 79
Let b be 4/(2/(-1)) + 3. Let w be (10 + -6)/(1 + b). Suppose -2*o = -3*m + 53, -w*o - 2*o = 5*m - 103. What are the prime factors of m?
19
Let a = 88 - 62. Let n(b) = -b**3 + 26*b**2 + 3*b + 44. List the prime factors of n(a).
2, 61
Suppose -z - 1484 + 372 = -i, -3346 = -3*i + z. List the prime factors of i.
1117
Suppose -2054 = -a + s, 12*s + 10262 = 5*a + 11*s. What are the prime factors of a?
2, 3, 19
Suppose -7*s = 5*s - 8376. What are the prime factors of s?
2, 349
Let d(x) = 0*x**3 + 4*x + 0*x - 5*x**2 + x**3 + 2. Suppose -2 = -2*z + c - 5*c, 3*c = -4*z + 14. What are the prime factors of d(z)?
2, 11
Let w be 18 + 1 - (-10 - -13). Suppose w*l - 54 = 14*l. List the prime factors of l.
3
Suppose 5*s = -p + 220 + 5205, -5420 = -5*s - 2*p. What are the prime factors of s?
2, 3, 181
Suppose -2*t - 74 + 82 = 0, -3*p - 3*t + 4218 = 0. List the prime factors of p.
2, 701
Let h = 76 - 25. Let c be (-2)/5 - h/(-15). What are the prime factors of c/15 - (-98)/10?
2, 5
Let z(k) = -3*k**3 + k**2 - 1. Let s be (-3)/7 - 8/14. Let x be z(s). Suppose 5*v - x = t - 8, t - 2*v = 20. List the prime factors of t.
2, 3, 5
Suppose -i - 5*c + 16 = 39, -4 = c. Let d(q) be the second derivative of -q**3/2 - q**2/2 + 2*q. What are the prime factors of d(i)?
2
Let y be (-12)/(-3) - (1 - 5). What are the prime factors of ((-356)/y)/(2 - (-15)/(-6))?
89
Let l(m) be the third derivative of 0 - 1/6*m**3 - 1/24*m**4 - 6*m**2 + 0*m. List the prime factors of l(-4).
3
Let b(s) = -5*s**3 - 7*s - 2. Let u(h) = 6*h**3 + 8*h + 1. Let d(z) = -7*b(z) - 6*u(z). Let p be d(0). Suppose -5*k - p = -63. What are the prime factors of k?
11
Suppose i - 62 = -i. Let o = -490 + 774. Suppose -o = -i*r + 27*r. What are the prime factors of r?
71
What are the prime factors of (-1 - (-10)/12) + 133676/552?
2, 11
Let g(x) = -3*x**3 - 36*x**2 - 64*x - 58. What are the prime factors of g(-16)?
2, 3, 673
Let d = -7 - -5. What are the prime factors of (4/10)/d - (-16320)/100?
163
Let s = -350 - -392. List the prime factors of s.
2, 3, 7
Suppose -18*b = -640 - 1844. What are the prime factors of b?
2, 3, 23
Suppose x - 4 + 3 = 0. Suppose -3*z + 3 = 5*s, 2*z + 7 = -x. Suppose -s*t + 146 - 26 = 0. What are the prime factors of t?
2, 5
Let r = -324 - -542. What are the prime factors of r?
2, 109
Let k(b) = b**3 - b**2 - b + 17. Let g be k(0). Suppose 3*p + 9 = 0, 4*d + g + 17 = -2*p. What are the prime factors of 58/7 + 2/d?
2
Suppose 2*o = 2*r + 16, 3*o + 2*r = -3*r + 24. List the prime factors of 6/8 - (-386)/o.
7
Suppose -4761 = -20*o + 11*o. What are the prime factors of o?
23
Suppose -5*m - 15 = 0, -2*k = -4*k + 2*m. Let d be (-15)/(-20)*(-8)/k. Suppose 7*a - d*a = 130. List the prime factors of a.
2, 13
Let z(n) be the third derivative of 0 - 5/24*n**4 + 0*n + 7/6*n**3 + 2*n**2. What are the prime factors of z(-5)?
2
Let q be 3540 - 0 - 5/(30/24). Suppose -2*l = -18*l + q. What are the prime factors of l?
13, 17
Let w(t) = t**2 + 7*t + 4. Suppose -4*k + 140 = -0*k. Suppose 5*j - n + 43 = 0, 4*j - 3*n + 6 + k = 0. List the prime factors of w(j).
2, 3
Let u(n) = n**2 - 5*n - 2. Suppose -10*r + r + 81 = 0. List the prime factors of u(r).
2, 17
Suppose 1326 = 35*p + 31. What are the prime factors of p?
37
Suppose -2556 = 3*z - 2*q + 4*q, 4*z + 3408 = -3*q. List the prime factors of 5/10 + z/(-8) + 2.
109
Let c(h) = h + 10. Let d(j) = j**3 + 14*j**2 + j + 6. Let s be d(-14). Let b be c(s). Suppose -m - 5*z - 15 = -3*m, -21 = -m - b*z. List the prime factors of m.
3, 5
Let w = 2787 + -1626. What are the prime factors of w?
3, 43
Let b(y) be the second derivative of -3*y**5/20 - 13*y**4/12 - 11*y**3/6 - 7*y**2/2 + 8*y. List the prime factors of b(-5).
2, 7
Suppose 3*r = 4*r + 230. Let f = 335 + r. List the prime factors of f.
3, 5, 7
Let t(w) = -3*w + 3. Let l(a) = a + 7. Let m be l(-6). Let k = -4 + m. List the prime factors of t(k).
2, 3
Suppose 0 = 4*g + 4*v - 92, -g + 2*v - 98 = -5*g. What are the prime factors of (-32)/(-10)*65/g?
2
Let x = -1972 - -2930. What are the prime factors of x?
2, 479
Suppose -v - 6*k + 4*k + 610 = 0, v + k - 608 = 0. List the prime factors of v.
2, 3, 101
Let s = -397 - -692. Suppose -s = -5*i - 3*o, 5*o - 2*o = -3*i + 183. List the prime factors of i.
2, 7
Let o be ((-2)/(-4))/((-5)/(-10)). Let t be 7/o + -4*1. Suppose s - 44 = -t*s. List the prime factors of s.
11
Let a(m) = 25*m**2 + 12*m - 29. List the prime factors of a(2).
5, 19
Suppose 0 = -20*z + 28*z - 10520. List the prime factors of z.
5, 263
Let i(g) = 4*g**3 - 4*g**2 - 13*g + 59. What are the prime factors of i(6)?
701
Suppose -45 = -c + 185. List the prime factors of c.
2, 5, 23
Let s(j) = 6*j + 7. Let r be s(2). Suppose -r = -3*h + 230. What are the prime factors of h?
83
Suppose 5*t + 4*v = 6250, -5*t - 2*v + 4994 = -t. List the prime factors of t.
2, 7, 89
Let h(x) = -x**3 + 16*x**2 - 6*x - 5. Let b be h(16). Let i = b + 196. List the prime factors of i.
5, 19
Let p = 20 + -4. Let n be p/4 + 2 + 0. Suppose 157 = n*g + 37. List the prime factors of g.
2, 5
Let s be (-1)/((-2)/17) + (-7)/14. Suppose -3*i + s*i = 365. List the prime factors of i.
73
Let c(k) = 4*k**2 + 12*k - 140. What are the prime factors of c(18)?
2, 7
What are the prime factors of 516450/396 - (-1)/(-6)?
2, 163
Suppose 2*p + 3516 = 2*y, -2*p + 5292 = 3*y + p. Suppose -s + 443 = 4*k, 5*k - y = s - 5*s. List the prime factors of s/7 + (-4)/(-14).
3, 7
Let c(a) = -a**3 - 2*a**2 + 2*a. Let t be c(-3). Let u be 1*(-2 - (t + -5)). Suppose 0 = 4*d + 3*o - 79, -d + u*o = 5*o - 7. What are the prime factors of d?
2, 11
Suppose 